= -i*p - 5*t + 74. What is the tens digit of 2/7 - (-408)/p?
1
Let d = 2 - 2. Suppose d*i = i - 9. What is the units digit of i?
9
What is the hundreds digit of ((-1535)/20)/(1*(-2)/8)?
3
Let p(v) = 2*v + 28. What is the tens digit of p(14)?
5
Let o = -7 - -7. Suppose 0 = 4*n - 4*f - 140, o*n - f - 74 = -2*n. What is the units digit of n?
9
What is the units digit of 38/1 + -3 + (-3 - -5)?
7
Let t = 74 + -52. Let h = 35 - t. What is the units digit of h?
3
Let l be (-9)/(-5) - 2/(-10). Suppose 0*m - 32 = -l*m. What is the tens digit of m?
1
Let v(h) = -h**3 - 6*h**2 - 7*h - 1. Let d be v(-5). Suppose 3*r = -u + 29 + d, -3*r = -4*u - 58. What is the units digit of r?
4
Let a(g) = g**2 - g. Let d be 25/10*(-4)/(-5). Let s be a(d). What is the tens digit of 1 + (-22)/(-2) + s?
1
Suppose -n - 2*n = 5*p - 177, -5*n = 5. Suppose 12 - p = -4*l + u, -3*l + 3*u + 9 = 0. What is the units digit of 3/(2 + 1) + l?
8
Suppose 4*z + 3*x = 2*x + 34, 2*z = 4*x + 8. What is the units digit of z/(-6)*-1*6?
8
Let q be ((-6)/(-4))/((-1)/(-2)). Suppose -3*a - q*k = 12, -a - 2*a + 16 = -4*k. Suppose -r + a*r - 3*n = -1, -r + 4*n + 15 = 0. What is the units digit of r?
7
Let d = -6 + 24. What is the units digit of d?
8
Let y(l) = l + 13. What is the units digit of y(0)?
3
Let b = 19 - 34. What is the tens digit of (-4)/(-10) - 744/b?
5
Suppose -2*m + 14 = 3*z - 6*m, 2*m = -2*z + 28. Suppose 4*d - z = 2*r, -3*d + 7 = -2*r + r. Suppose -d = -2*q + 2. What is the units digit of q?
2
Suppose 7 - 16 = -3*r, 0 = c - 3*r - 46. Suppose -3*q = 4*m - 95, 6*m = 3*q + 2*m - c. What is the tens digit of q?
2
What is the hundreds digit of (81/27)/(6/358)?
1
Let l(q) = -9*q**3 + 8*q**3 + 0*q + 5*q + 4. What is the tens digit of l(-3)?
1
Let k = 127 + -89. What is the tens digit of k?
3
Let f be (0/(-4))/(2/1). Suppose 3*w - 2 - 4 = f. What is the units digit of w?
2
Let t be 11*1*(-4)/(-4). Suppose 4*c - 35 + t = -4*d, 3*c = 4*d + 25. What is the units digit of c?
7
Let l be (-9)/(-2)*(10 + 26). Suppose -4*i + x + 47 = -100, 0 = -4*i - 2*x + l. What is the units digit of i?
8
Let y(o) = 3*o - 3. Suppose 0*p = p - 6. What is the units digit of y(p)?
5
Suppose 7 = -l + 3, 5*u - l = 569. What is the tens digit of u?
1
Let n = -7 - -19. Let o = 21 - n. What is the units digit of o?
9
Let c(f) = f**2 - 2*f - 1. Let i(l) = -2*l**2 + 4*l + 2. Let x(s) = 13*c(s) + 6*i(s). What is the units digit of x(3)?
2
Let s be 0/(3/(9/(-6))). Suppose -q - 3*q = 4*k + 32, -2*k - 5*q - 22 = s. Let c(w) = -2*w - 5. What is the units digit of c(k)?
7
Suppose -3*b = -u - 5*b - 7, -2*u + 2*b + 16 = 0. Suppose 0 = 2*j + 2*d - 44, -j + u*d + 26 = -0*j. What is the tens digit of j?
2
Suppose -3*f = 3*p - 87, 5*f - f = 5*p - 154. What is the units digit of p?
0
Suppose -37 = -l - x - 0*x, 154 = 4*l + x. Suppose 0 = s - 4*s + l. What is the units digit of s?
3
Suppose -11 = 3*m + 4. Let q(j) be the first derivative of j**3/3 + 3*j**2 + 7*j - 5. What is the units digit of q(m)?
2
Suppose 275 = 3*a + 47. What is the units digit of a?
6
Suppose 0 = 5*u - 0*u. Let m = u + 5. Let t = m + -1. What is the units digit of t?
4
Let p = 37 - 15. What is the units digit of p?
2
Let j(q) = -q**3 + 5*q**2 - 3*q + 1. Let b be j(4). Let f be (3 - 6)/((-3)/b). Suppose 4*t - 73 = -f*m, -3*m + 3 = -0*m. What is the units digit of t?
7
Let j = 37 - -3. What is the units digit of j?
0
Let w = 5 + 0. Suppose 0 = -w*m - 2*q + 53, 0 = -m + 3*m + 2*q - 26. What is the units digit of m?
9
Let d(r) = -2*r - 2. Let b(w) = w + 1. Let g(a) = -11*b(a) - 6*d(a). Let h = -8 + 15. What is the units digit of g(h)?
8
Suppose -4*p + 36 = -64. What is the tens digit of p?
2
Let y = -7 + 92. Suppose -k - 5*m = k - 57, m = -5*k + y. Let g = k + -9. What is the units digit of g?
7
Suppose 4 = -3*w - w + 4*x, -4*w + x = 4. Let c be 9/(-2 + w)*-1. What is the units digit of 21/c - 2 - 1?
4
Suppose -70 = -2*f - s + 128, -s + 2 = 0. What is the tens digit of f?
9
Let i(w) = w**3 - w**2 - w + 14. Let v be i(0). Suppose 4*s + n = s + 42, -4*n = s - v. What is the tens digit of s?
1
Let h be -276*3/((-1)/1). What is the units digit of (1/(-3))/((-6)/h)?
6
Let u(k) = k + 3. Let p(l) = l + 4. Let c be p(0). What is the units digit of u(c)?
7
Let w = -2 - -10. Suppose 0 = -h + 2, w*p = 3*p - 5*h + 50. Suppose -22 = -4*y + 5*k, 0 = 5*y - 4*k - 15 - p. What is the units digit of y?
3
Let h = -2 + 2. Suppose h = -0*a - 4*a + 3*f + 65, -4*f = 2*a - 16. Let z = -7 + a. What is the units digit of z?
7
Suppose -2*h = -6, 0*m + m = -h + 5. Suppose n + 0*n = 2*p - 5, 2*n + m = -4*p. What is the units digit of p?
1
What is the units digit of 2 + (-33)/9*-9?
5
Let f be 7/(-3) + 4/(-6). Let a be (-7)/f - (-3)/(-9). Suppose -a*w + 46 - 16 = 0. What is the tens digit of w?
1
Suppose 4*t - w - 15 = -2*w, -t + 2*w = 3. What is the units digit of t?
3
Suppose -8 = -z - 3*z. Let a be -1 + (z*3 - -1). What is the units digit of 10/a + 4/(-6)?
1
Let x = 23 - 19. What is the units digit of x?
4
Suppose 5*r - 14 = 1. Suppose n = r + 3. What is the units digit of n?
6
Let t(s) = -s**3 - 3*s**2 + 4*s. What is the units digit of t(-5)?
0
What is the units digit of (-5 - -8) + (-8)/(-2)?
7
What is the tens digit of 1064/13 + 6/39?
8
Let o = 3 - 7. Suppose -5*u + 15 = 2*j, -2*j + 22 = 3*j - 3*u. Let m = j + o. What is the units digit of m?
1
Suppose -3*r = 4*s - 99, -2*s = 2*s + 4*r - 100. What is the units digit of s?
4
Suppose 0 = 2*b + 2 - 6. Let g = -10 - -17. What is the units digit of g/((-1)/b*-2)?
7
What is the tens digit of ((-25)/(-15) + -2)*-33?
1
Let n = -22 - -37. Suppose -n - 1 = -2*b. What is the units digit of b?
8
Suppose 0 = -2*i - 20 - 18. Let z = i - -33. What is the units digit of z?
4
Let n(f) = f**3 - 6*f**2 + 7*f - 3. Let z be n(6). Suppose -4*k - m = k + 120, k + 24 = 4*m. Let w = z + k. What is the tens digit of w?
1
Let s(c) = 15 + 24*c - 15. Let q be s(1). Suppose 3*y + 4*f - q = -3, -y + 5*f + 7 = 0. What is the units digit of y?
7
Let m(t) = -t**3 + 4*t**2 - t - 9. What is the hundreds digit of m(-4)?
1
Let g = 1 - 1. Suppose -n + 2 + 1 = g. What is the units digit of n?
3
Let l(x) = x**2 - x + 23. Let p(y) = -y**3 + 3*y**2. Let u be p(3). Let j be l(u). Let a = 38 - j. What is the units digit of a?
5
Suppose -f - 1580 = -5*f. Suppose -i + 3*i = 90. What is the units digit of (-2)/(-9) + f/i?
9
Suppose 3*j + 115 = -2*j. Suppose h = -4*h + 160. Let p = h + j. What is the units digit of p?
9
Let p(f) = f**2 + 7*f + 1. Let y = 0 - 6. Let x be p(y). Let k = 11 + x. What is the units digit of k?
6
Let s(i) = -5*i. Let g be s(-1). Let v = g - -31. Let o = v + -21. What is the units digit of o?
5
Let g = 19 - 16. What is the units digit of g?
3
Suppose 7*u = 3*u - 12. Let x = 7 + u. Let t = x + -3. What is the units digit of t?
1
Let b = -47 + 72. Let t = -18 + b. What is the units digit of t?
7
Suppose 2*l = 1 + 5. Suppose 4 = g + l. What is the units digit of g?
1
Let r(b) = -b**3 + 4*b**2 + 7*b + 2. Let m be r(5). What is the tens digit of 63/4 + (-9)/m?
1
Let r(q) = -q**3 - 6*q**2 - 7*q. Let m be r(-5). Suppose -4*v + 3*v = -m. What is the tens digit of v?
1
Let u(r) = -r**2 - 7*r + 2. Let v be u(-7). Suppose 4*q = 2*o + q - 54, -50 = -v*o + 4*q. What is the tens digit of o?
3
Let t(x) = -x**3 - 6*x**2 - 5*x + 2. What is the tens digit of t(-6)?
3
Suppose 13*c - 12*c - 221 = 0. What is the hundreds digit of c?
2
Let f be 1/1 + (-8)/(-4). Suppose 0 = 2*t + 3*t + 5*w, -2*t + f*w + 15 = 0. Suppose -z + 7 = -c, 0 = 5*z - t*c + 3 - 42. What is the units digit of z?
9
Let p(k) = 2*k + 2. What is the units digit of p(2)?
6
Suppose 4*c = -0*h - 3*h + 124, -4*h - 4*c = -172. What is the tens digit of h?
4
Suppose 2 + 31 = g. What is the units digit of g?
3
Suppose 3*m + m = 0. Suppose m = -p - 4 - 1. Let c = p + 16. What is the tens digit of c?
1
Let h be 2*(6/(-4))/(-1). Suppose h*c - 3 = 3. What is the units digit of 4*(17/4 - c)?
9
Let i(u) = -u**2 + 4*u - 5. Let b be i(6). Let f = b + 74. Suppose -3*n - 6 = 0, -4*t + 3*n + f - 7 = 0. What is the units digit of t?
1
Let h = -291 + 417. What is the units digit of h?
6
Let b = -7 + 191. What is the units digit of b?
4
What is the hundreds digit of (-544)/(7 - 11) + (-1 - -1)?
1
What is the units digit of (-12)/5*(-